1?
21
Calculate the highest common divisor of 2354 and 26536.
214
What is the highest common factor of 741 and 8208?
57
Calculate the highest common divisor of 42522 and 912.
114
What is the greatest common factor of 3264 and 9?
3
Calculate the highest common divisor of 105 and 7815.
15
Calculate the highest common factor of 42006 and 18.
6
What is the greatest common factor of 682 and 3249389?
341
What is the greatest common divisor of 200 and 80?
40
What is the highest common factor of 1360 and 2731424?
272
What is the greatest common factor of 1101848 and 304?
152
What is the greatest common factor of 33602 and 212?
106
Calculate the greatest common divisor of 276 and 5196.
12
What is the greatest common divisor of 1456938 and 434?
434
Calculate the highest common factor of 1142648 and 312.
104
What is the greatest common divisor of 1100 and 25696?
44
Calculate the highest common factor of 462 and 5577.
33
Calculate the highest common factor of 2642570 and 245.
245
What is the highest common divisor of 212844 and 108?
12
What is the greatest common divisor of 145820 and 1955?
115
What is the highest common factor of 9 and 6687?
9
What is the greatest common divisor of 247703 and 399?
19
Calculate the greatest common factor of 42 and 104538.
42
What is the highest common factor of 1592 and 27661?
199
What is the greatest common factor of 31434 and 21632?
338
What is the greatest common divisor of 54 and 28506?
6
What is the highest common divisor of 426933 and 117?
117
Calculate the greatest common divisor of 435202 and 21042.
334
Calculate the highest common factor of 21 and 1158913.
7
What is the greatest common factor of 1338 and 12?
6
Calculate the greatest common divisor of 112 and 8638.
14
Calculate the greatest common factor of 389 and 204225.
389
Calculate the greatest common divisor of 19 and 93423.
19
Calculate the highest common factor of 96 and 42512.
16
Calculate the highest common divisor of 891835 and 70.
35
What is the greatest common factor of 1492 and 17531?
373
What is the highest common factor of 791 and 7133?
7
What is the greatest common factor of 22 and 103532?
22
Calculate the highest common factor of 216 and 88.
8
What is the highest common divisor of 2361359 and 337?
337
What is the highest common divisor of 85320 and 120?
120
What is the highest common divisor of 4389 and 2750?
11
What is the greatest common factor of 26848 and 12544?
32
What is the highest common divisor of 54 and 3056130?
54
Calculate the highest common factor of 720 and 18945.
45
Calculate the highest common factor of 53 and 8.
1
Calculate the greatest common factor of 2421 and 6129165.
807
What is the highest common divisor of 12 and 210036?
12
What is the greatest common factor of 544 and 9928?
136
Calculate the greatest common factor of 837 and 10260.
27
Calculate the greatest common factor of 143304 and 72.
24
Calculate the greatest common factor of 14334455 and 95.
95
Calculate the highest common divisor of 196 and 13867.
49
What is the highest common divisor of 472 and 64310?
118
What is the highest common divisor of 627 and 3366?
33
Calculate the highest common factor of 8349572 and 308.
308
What is the greatest common divisor of 736 and 189152?
736
What is the highest common factor of 7482638 and 29?
29
Calculate the highest common divisor of 594 and 3102.
66
Calculate the highest common divisor of 129 and 237016.
43
What is the greatest common factor of 28757038 and 1334?
1334
Calculate the greatest common divisor of 3 and 4318.
1
Calculate the greatest common divisor of 202725 and 3180.
795
What is the highest common divisor of 42525 and 650?
25
What is the greatest common factor of 8795 and 55?
5
What is the greatest common factor of 59 and 18939?
59
Calculate the greatest common divisor of 2088 and 12.
12
Calculate the greatest common factor of 68034 and 1218.
174
Calculate the greatest common divisor of 9216 and 12456.
72
What is the greatest common factor of 93899 and 1631?
233
What is the greatest common factor of 22 and 613888?
22
What is the greatest common divisor of 2375360 and 192?
64
Calculate the greatest common factor of 435 and 675990.
435
What is the greatest common divisor of 67664 and 1168?
16
Calculate the highest common factor of 42224 and 280.
56
What is the greatest common divisor of 182 and 46858?
14
Calculate the highest common factor of 217344 and 12288.
768
What is the greatest common divisor of 3838 and 66357?
101
Calculate the highest common divisor of 40 and 83140.
20
What is the greatest common divisor of 109878 and 6?
6
Calculate the greatest common factor of 17787 and 132.
33
What is the greatest common divisor of 1863 and 1150?
23
What is the highest common factor of 1 and 16791?
1
Calculate the highest common factor of 17252 and 304.
76
Calculate the highest common factor of 1484 and 56.
28
What is the highest common divisor of 1293 and 6?
3
What is the highest common divisor of 837 and 19764?
27
Calculate the highest common factor of 47 and 189269.
47
Calculate the greatest common factor of 90 and 4988565.
45
What is the highest common factor of 9264 and 2?
2
What is the greatest common factor of 182169 and 1404?
351
What is the greatest common divisor of 121340 and 10?
10
Calculate the highest common factor of 64128 and 501.
501
Calculate the highest common divisor of 31089 and 3999.
129
What is the highest common factor of 9 and 89307?
9
Calculate the greatest common divisor of 94563 and 7.
7
Calculate the greatest common divisor of 2226 and 2856.
42
Calculate the greatest common factor of 42744 and 61650.
822
What is the highest common divisor of 104 and 11944?
8
Calculate the highest common divisor of 558 and 291462.
186
What is the highest common factor of 163272 and 216?
24
What is the highest common factor of 33354 and 576?
18
Calculate the highest common divisor of 456136 and 296.
296
Calculate the greatest common divisor of 7735 and 33600.
35
Calculate the highest common factor of 6699 and 75864.
87
What is the greatest common divisor of 83 and 525307?
83
Calculate the greatest common divisor of 1546 and 21013232.
1546
Calculate the highest common factor of 3 and 24078.
3
What is the greatest common factor of 1224 and 35088?
408
Calculate the greatest common factor of 16 and 154588.
4
Calculate the greatest common factor of 8107 and 10318.
737
Calculate the greatest common divisor of 464 and 5072.
16
Calculate the highest common factor of 41610 and 1824.
114
Calculate the highest common factor of 200 and 367880.
40
Calculate the greatest common divisor of 355 and 93365.
355
What is the greatest common factor of 3128 and 552?
184
What is the highest common divisor of 7445 and 20?
5
What is the greatest common factor of 1320 and 1660?
20
What is the greatest common factor of 40836 and 191388?
492
What is the highest common factor of 352 and 22517?
11
What is the greatest common factor of 16 and 1623880?
8
What is the greatest common divisor of 72 and 23032?
8
What is the highest common factor of 3483 and 129?
129
Calculate the highest common factor of 842786 and 2590.
518
What is the highest common divisor of 56451 and 372?
93
What is the highest common divisor of 3390 and 77790?
30
What is the highest common factor of 245 and 59507?
7
What is the highest common factor of 45253 and 897?
13
Calculate the highest common divisor of 250241 and 290.
29
Calculate the highest common factor of 762386 and 1172.
586
Calculate the highest common divisor of 1016 and 17384.
8
What is the greatest common divisor of 24 and 139144?
8
What is the highest common divisor of 43434 and 9576?
342
What is the highest common factor of 56358 and 18?
18
What is the greatest common divisor of 275 and 24425?
25
Calculate the highest common factor of 10 and 72095.
5
What is the highest common divisor of 2656 and 130393?
83
What is the greatest common factor of 224 and 1246112?
224
What is the greatest common factor of 1010 and 1018585?
505
Calculate the highest common divisor of 166 and 1167229.
83
What is the highest common divisor of 15 and 630485?
5
Calculate the greatest common factor of 35 and 8960.
35
Calculate the highest common factor of 549 and 12017.
61
What is the highest common factor of 7391 and 4279?
389
